{"id":8849,"date":"2026-04-04T10:31:30","date_gmt":"2026-04-04T09:31:30","guid":{"rendered":"https:\/\/af3ddruk.me\/?post_type=product&#038;p=8849"},"modified":"2026-04-04T13:16:03","modified_gmt":"2026-04-04T12:16:03","slug":"%f0%9f%8f%ba-wazon-spiral","status":"publish","type":"product","link":"https:\/\/af3ddruk.me\/?product=%f0%9f%8f%ba-wazon-spiral","title":{"rendered":"\ud83c\udffa Wazon Spiral"},"content":{"rendered":"<h3 data-section-id=\"lzrm2a\" data-start=\"56\" data-end=\"97\"><a href=\"https:\/\/af3ddruk.me\/wp-content\/uploads\/2026\/04\/ChatGPT-Image-4-kwi-2026-12_33_53.png\"><img fetchpriority=\"high\" decoding=\"async\" class=\"size-medium wp-image-8889 aligncenter\" src=\"https:\/\/af3ddruk.me\/wp-content\/uploads\/2026\/04\/ChatGPT-Image-4-kwi-2026-12_33_53-200x300.png\" alt=\"\" width=\"200\" height=\"300\" srcset=\"https:\/\/af3ddruk.me\/wp-content\/uploads\/2026\/04\/ChatGPT-Image-4-kwi-2026-12_33_53-200x300.png 200w, https:\/\/af3ddruk.me\/wp-content\/uploads\/2026\/04\/ChatGPT-Image-4-kwi-2026-12_33_53-683x1024.png 683w, https:\/\/af3ddruk.me\/wp-content\/uploads\/2026\/04\/ChatGPT-Image-4-kwi-2026-12_33_53-768x1152.png 768w, https:\/\/af3ddruk.me\/wp-content\/uploads\/2026\/04\/ChatGPT-Image-4-kwi-2026-12_33_53-600x900.png 600w, https:\/\/af3ddruk.me\/wp-content\/uploads\/2026\/04\/ChatGPT-Image-4-kwi-2026-12_33_53.png 1024w\" sizes=\"(max-width: 200px) 100vw, 200px\" \/><\/a><\/h3>\n<h3 style=\"text-align: center;\" data-section-id=\"lzrm2a\" data-start=\"56\" data-end=\"97\">\ud83c\udffa Wazon Spiral \u2013 nowoczesna forma<\/h3>\n<p style=\"text-align: center;\" data-start=\"296\" data-end=\"373\">\u015awietnie sprawdzi si\u0119 jako dekoracja samodzielna lub w po\u0142\u0105czeniu z kwiatami.<\/p>\n<hr data-start=\"375\" data-end=\"378\" \/>\n<h3 style=\"text-align: center;\" data-section-id=\"1e78l6z\" data-start=\"380\" data-end=\"406\">\u2728 Najwa\u017cniejsze cechy<\/h3>\n<ul style=\"text-align: center;\" data-start=\"407\" data-end=\"559\">\n<li data-section-id=\"1y5dhrp\" data-start=\"407\" data-end=\"438\">nowoczesny, spiralny design<\/li>\n<li data-section-id=\"w7qivs\" data-start=\"439\" data-end=\"467\">smuk\u0142a i elegancka forma<\/li>\n<li data-section-id=\"122nret\" data-start=\"468\" data-end=\"514\">lekka, a jednocze\u015bnie stabilna konstrukcja<\/li>\n<li data-section-id=\"1rh0f9d\" data-start=\"515\" data-end=\"559\">staranne wykonanie i g\u0142adkie wyko\u0144czenie<\/li>\n<\/ul>\n<hr data-start=\"561\" data-end=\"564\" \/>\n<h3 style=\"text-align: center;\" data-section-id=\"19xcqzn\" data-start=\"566\" data-end=\"586\">\ud83c\udf38 Zastosowanie<\/h3>\n<p style=\"text-align: center;\" data-start=\"587\" data-end=\"598\">\u00a0 \u00a0 \u00a0 \u00a0 Idealny do<\/p>\n<ul style=\"text-align: center;\" data-start=\"599\" data-end=\"667\">\n<li data-section-id=\"13rn74x\" data-start=\"599\" data-end=\"621\">kwiat\u00f3w sztucznych<\/li>\n<li data-section-id=\"1wdawrl\" data-start=\"622\" data-end=\"646\">suszonych kompozycji<\/li>\n<li data-section-id=\"jz3jxe\" data-start=\"647\" data-end=\"667\">dekoracji wn\u0119trz<\/li>\n<\/ul>\n<p style=\"text-align: center;\" data-start=\"669\" data-end=\"692\">\ud83d\udc49 \u015bwietnie wygl\u0105da na<\/p>\n<ul style=\"text-align: center;\" data-start=\"693\" data-end=\"726\">\n<li data-section-id=\"1l4rpah\" data-start=\"693\" data-end=\"702\">stole<\/li>\n<li data-section-id=\"gxswf0\" data-start=\"703\" data-end=\"715\">komodzie<\/li>\n<li data-section-id=\"ljch8a\" data-start=\"716\" data-end=\"726\">biurku<\/li>\n<\/ul>\n<hr data-start=\"832\" data-end=\"835\" \/>\n<h3 style=\"text-align: center;\" data-section-id=\"1kva2dr\" data-start=\"837\" data-end=\"856\">\ud83c\udfe1 Styl wn\u0119trz<\/h3>\n<p style=\"text-align: center;\" data-start=\"857\" data-end=\"867\">\u00a0 \u00a0 \u00a0 \u00a0 \u00a0Pasuje do<\/p>\n<ul style=\"text-align: center;\" data-start=\"868\" data-end=\"939\">\n<li data-section-id=\"34waea\" data-start=\"868\" data-end=\"884\">nowoczesnych<\/li>\n<li data-section-id=\"1ru3v4p\" data-start=\"885\" data-end=\"906\">minimalistycznych<\/li>\n<li data-section-id=\"3tjlpv\" data-start=\"907\" data-end=\"920\">loftowych<\/li>\n<li data-section-id=\"1b3xgjk\" data-start=\"921\" data-end=\"939\">skandynawskich<\/li>\n<\/ul>\n<hr data-start=\"941\" data-end=\"944\" \/>\n<h3 style=\"text-align: center;\" data-section-id=\"tzu2ri\" data-start=\"946\" data-end=\"961\">\ud83c\udfa8 Kolory<\/h3>\n<p style=\"text-align: center;\" data-start=\"962\" data-end=\"1035\">Dost\u0119pny w wielu wariantach kolorystycznych \u2013 dopasuj do swojego wn\u0119trza.<\/p>\n<hr data-start=\"1037\" data-end=\"1040\" \/>\n<h3 style=\"text-align: center;\" data-section-id=\"hwwfs4\" data-start=\"1042\" data-end=\"1069\">\ud83c\udf81 Idealny na prezent<\/h3>\n<p style=\"text-align: center;\" data-start=\"1070\" data-end=\"1149\">Stylowy i uniwersalny dodatek, kt\u00f3ry sprawdzi si\u0119 jako prezent na r\u00f3\u017cne okazje.<\/p>\n<hr data-start=\"728\" data-end=\"731\" \/>\n<p style=\"text-align: center;\">\ud83c\uddf5\ud83c\uddf1 Produkt tworzony w Polsce<br \/>\nKa\u017cdy produkt jest projektowany i wykonywany lokalnie, z dba\u0142o\u015bci\u0105 o jako\u015b\u0107 i detale. Kupuj\u0105c, wspierasz polsk\u0105 produkcj\u0119.<\/p>\n","protected":false},"excerpt":{"rendered":"<p style=\"text-align: center;\">Elegancki wazon o smuk\u0142ym kszta\u0142cie i charakterystycznym, spiralnym wzorze 3D. Minimalistyczna forma w po\u0142\u0105czeniu z dynamiczn\u0105 lini\u0105 sprawia, \u017ce doskonale prezentuje si\u0119 w nowoczesnych wn\u0119trzach.<\/p>\n","protected":false},"featured_media":8851,"template":"","meta":{"site-sidebar-layout":"default","site-content-layout":"","ast-site-content-layout":"default","site-content-style":"default","site-sidebar-style":"default","ast-global-header-display":"","ast-banner-title-visibility":"","ast-main-header-display":"","ast-hfb-above-header-display":"","ast-hfb-below-header-display":"","ast-hfb-mobile-header-display":"","site-post-title":"","ast-breadcrumbs-content":"","ast-featured-img":"","footer-sml-layout":"","ast-disable-related-posts":"","theme-transparent-header-meta":"default","adv-header-id-meta":"","stick-header-meta":"","header-above-stick-meta":"","header-main-stick-meta":"","header-below-stick-meta":"","astra-migrate-meta-layouts":"set","ast-page-background-enabled":"default","ast-page-background-meta":{"desktop":{"background-color":"","background-image":"","background-repeat":"repeat","background-position":"center center","background-size":"auto","background-attachment":"scroll","background-type":"","background-media":"","overlay-type":"","overlay-color":"","overlay-opacity":"","overlay-gradient":""},"tablet":{"background-color":"","background-image":"","background-repeat":"repeat","background-position":"center center","background-size":"auto","background-attachment":"scroll","background-type":"","background-media":"","overlay-type":"","overlay-color":"","overlay-opacity":"","overlay-gradient":""},"mobile":{"background-color":"","background-image":"","background-repeat":"repeat","background-position":"center center","background-size":"auto","background-attachment":"scroll","background-type":"","background-media":"","overlay-type":"","overlay-color":"","overlay-opacity":"","overlay-gradient":""}},"ast-content-background-meta":{"desktop":{"background-color":"var(--ast-global-color-5)","background-image":"","background-repeat":"repeat","background-position":"center center","background-size":"auto","background-attachment":"scroll","background-type":"","background-media":"","overlay-type":"","overlay-color":"","overlay-opacity":"","overlay-gradient":""},"tablet":{"background-color":"var(--ast-global-color-5)","background-image":"","background-repeat":"repeat","background-position":"center center","background-size":"auto","background-attachment":"scroll","background-type":"","background-media":"","overlay-type":"","overlay-color":"","overlay-opacity":"","overlay-gradient":""},"mobile":{"background-color":"var(--ast-global-color-5)","background-image":"","background-repeat":"repeat","background-position":"center center","background-size":"auto","background-attachment":"scroll","background-type":"","background-media":"","overlay-type":"","overlay-color":"","overlay-opacity":"","overlay-gradient":""}}},"product_brand":[],"product_cat":[37,60],"product_tag":[],"class_list":{"0":"post-8849","1":"product","2":"type-product","3":"status-publish","4":"has-post-thumbnail","6":"product_cat-dla-domu","7":"product_cat-wazony","8":"product_shipping_class-srednie-paczki","9":"pa_kolor-bialy","10":"pa_kolor-brazowy","11":"pa_kolor-czarny","12":"pa_kolor-czerwony","13":"pa_kolor-fioletowy","14":"pa_kolor-niebieski","15":"pa_kolor-pomaranczowy","16":"pa_kolor-rozowy","17":"pa_kolor-szary","18":"pa_kolor-zielony","19":"pa_kolor-zolty","20":"pa_wymiary-20cm","21":"pa_wymiary-24cm","22":"desktop-align-center","23":"tablet-align-left","24":"mobile-align-center","26":"first","27":"instock","28":"featured","29":"shipping-taxable","30":"purchasable","31":"product-type-variable","32":"has-default-attributes"},"_links":{"self":[{"href":"https:\/\/af3ddruk.me\/index.php?rest_route=\/wp\/v2\/product\/8849","targetHints":{"allow":["GET"]}}],"collection":[{"href":"https:\/\/af3ddruk.me\/index.php?rest_route=\/wp\/v2\/product"}],"about":[{"href":"https:\/\/af3ddruk.me\/index.php?rest_route=\/wp\/v2\/types\/product"}],"version-history":[{"count":9,"href":"https:\/\/af3ddruk.me\/index.php?rest_route=\/wp\/v2\/product\/8849\/revisions"}],"predecessor-version":[{"id":8893,"href":"https:\/\/af3ddruk.me\/index.php?rest_route=\/wp\/v2\/product\/8849\/revisions\/8893"}],"wp:featuredmedia":[{"embeddable":true,"href":"https:\/\/af3ddruk.me\/index.php?rest_route=\/wp\/v2\/media\/8851"}],"wp:attachment":[{"href":"https:\/\/af3ddruk.me\/index.php?rest_route=%2Fwp%2Fv2%2Fmedia&parent=8849"}],"wp:term":[{"taxonomy":"product_brand","embeddable":true,"href":"https:\/\/af3ddruk.me\/index.php?rest_route=%2Fwp%2Fv2%2Fproduct_brand&post=8849"},{"taxonomy":"product_cat","embeddable":true,"href":"https:\/\/af3ddruk.me\/index.php?rest_route=%2Fwp%2Fv2%2Fproduct_cat&post=8849"},{"taxonomy":"product_tag","embeddable":true,"href":"https:\/\/af3ddruk.me\/index.php?rest_route=%2Fwp%2Fv2%2Fproduct_tag&post=8849"}],"curies":[{"name":"wp","href":"https:\/\/api.w.org\/{rel}","templated":true}]}}