{"id":7712,"date":"2026-03-30T17:57:48","date_gmt":"2026-03-30T16:57:48","guid":{"rendered":"https:\/\/af3ddruk.me\/?post_type=product&#038;p=7712"},"modified":"2026-04-07T21:04:36","modified_gmt":"2026-04-07T20:04:36","slug":"nowoczesny-wazon-dekoracyjny","status":"publish","type":"product","link":"https:\/\/af3ddruk.me\/?product=nowoczesny-wazon-dekoracyjny","title":{"rendered":"Nowoczesny wazon\u00a0dekoracyjny"},"content":{"rendered":"<h3>\u00a0<img fetchpriority=\"high\" decoding=\"async\" class=\"size-medium wp-image-7717 aligncenter\" src=\"https:\/\/af3ddruk.me\/wp-content\/uploads\/2026\/03\/ChatGPT-Image-30-mar-2026-19_04_00-200x300.png\" alt=\"\" width=\"200\" height=\"300\" srcset=\"https:\/\/af3ddruk.me\/wp-content\/uploads\/2026\/03\/ChatGPT-Image-30-mar-2026-19_04_00-200x300.png 200w, https:\/\/af3ddruk.me\/wp-content\/uploads\/2026\/03\/ChatGPT-Image-30-mar-2026-19_04_00-683x1024.png 683w, https:\/\/af3ddruk.me\/wp-content\/uploads\/2026\/03\/ChatGPT-Image-30-mar-2026-19_04_00-768x1152.png 768w, https:\/\/af3ddruk.me\/wp-content\/uploads\/2026\/03\/ChatGPT-Image-30-mar-2026-19_04_00-600x900.png 600w, https:\/\/af3ddruk.me\/wp-content\/uploads\/2026\/03\/ChatGPT-Image-30-mar-2026-19_04_00.png 1024w\" sizes=\"(max-width: 200px) 100vw, 200px\" \/><\/h3>\n<h3 style=\"text-align: center;\">Nowoczesny wazon dekoracyjny<\/h3>\n<p style=\"text-align: center;\">Wazon doskonale sprawdzi si\u0119 jako:<\/p>\n<p style=\"text-align: center;\">dekoracja salonu, sypialni lub biura<br \/>\nelement nowoczesnych aran\u017cacji<br \/>\nozdoba sto\u0142u lub komody<br \/>\nbaza pod kwiaty \u015bwie\u017ce i sztuczne<\/p>\n<p style=\"text-align: center;\"><strong>Wymiary<\/strong><\/p>\n<p style=\"text-align: center;\"><strong style=\"font-size: 16px;\">15 \u00d7 15 \u00d7 20 cm<\/strong><\/p>\n<p style=\"text-align: center;\">Dzi\u0119ki uniwersalnemu designowi pasuje zar\u00f3wno do stylu minimalistycznego, jak i bardziej klasycznych wn\u0119trz. Wykonany z trwa\u0142ego materia\u0142u, jest lekki, a jednocze\u015bnie stabilny.<\/p>\n<p style=\"text-align: center;\">Dost\u0119pny w r\u00f3\u017cnych wariantach kolorystycznych \u2013 wybierz sw\u00f3j ulubiony w menu produktu.<\/p>\n<p style=\"text-align: center;\">\ud83c\uddf5\ud83c\uddf1 Produkt tworzony w Polsce<br \/>\nKa\u017cdy produkt jest projektowany i wykonywany lokalnie, z dba\u0142o\u015bci\u0105 o jako\u015b\u0107 i detale. Kupuj\u0105c, wspierasz polsk\u0105 produkcj\u0119.<\/p>\n","protected":false},"excerpt":{"rendered":"<h3 style=\"text-align: center;\">Nowoczesny wazon dekoracyjny<\/h3>\n<h6 style=\"text-align: center;\">Stylowy wazon o eleganckiej, zaokr\u0105glonej formie z delikatnie zw\u0119\u017caj\u0105c\u0105 si\u0119 szyjk\u0105. Charakterystyczna powierzchnia z geometrycznym, diamentowym wzorem nadaje mu nowoczesny i designerski wygl\u0105d, kt\u00f3ry \u015bwietnie wpisuje si\u0119 w ka\u017cde wn\u0119trze.<\/h6>\n","protected":false},"featured_media":7718,"template":"","meta":{"site-sidebar-layout":"default","site-content-layout":"","ast-site-content-layout":"default","site-content-style":"default","site-sidebar-style":"default","ast-global-header-display":"","ast-banner-title-visibility":"","ast-main-header-display":"","ast-hfb-above-header-display":"","ast-hfb-below-header-display":"","ast-hfb-mobile-header-display":"","site-post-title":"","ast-breadcrumbs-content":"","ast-featured-img":"","footer-sml-layout":"","ast-disable-related-posts":"","theme-transparent-header-meta":"default","adv-header-id-meta":"","stick-header-meta":"","header-above-stick-meta":"","header-main-stick-meta":"","header-below-stick-meta":"","astra-migrate-meta-layouts":"set","ast-page-background-enabled":"default","ast-page-background-meta":{"desktop":{"background-color":"","background-image":"","background-repeat":"repeat","background-position":"center center","background-size":"auto","background-attachment":"scroll","background-type":"","background-media":"","overlay-type":"","overlay-color":"","overlay-opacity":"","overlay-gradient":""},"tablet":{"background-color":"","background-image":"","background-repeat":"repeat","background-position":"center center","background-size":"auto","background-attachment":"scroll","background-type":"","background-media":"","overlay-type":"","overlay-color":"","overlay-opacity":"","overlay-gradient":""},"mobile":{"background-color":"","background-image":"","background-repeat":"repeat","background-position":"center center","background-size":"auto","background-attachment":"scroll","background-type":"","background-media":"","overlay-type":"","overlay-color":"","overlay-opacity":"","overlay-gradient":""}},"ast-content-background-meta":{"desktop":{"background-color":"var(--ast-global-color-5)","background-image":"","background-repeat":"repeat","background-position":"center center","background-size":"auto","background-attachment":"scroll","background-type":"","background-media":"","overlay-type":"","overlay-color":"","overlay-opacity":"","overlay-gradient":""},"tablet":{"background-color":"var(--ast-global-color-5)","background-image":"","background-repeat":"repeat","background-position":"center center","background-size":"auto","background-attachment":"scroll","background-type":"","background-media":"","overlay-type":"","overlay-color":"","overlay-opacity":"","overlay-gradient":""},"mobile":{"background-color":"var(--ast-global-color-5)","background-image":"","background-repeat":"repeat","background-position":"center center","background-size":"auto","background-attachment":"scroll","background-type":"","background-media":"","overlay-type":"","overlay-color":"","overlay-opacity":"","overlay-gradient":""}}},"product_brand":[],"product_cat":[37,60],"product_tag":[],"class_list":{"0":"post-7712","1":"product","2":"type-product","3":"status-publish","4":"has-post-thumbnail","6":"product_cat-dla-domu","7":"product_cat-wazony","8":"product_shipping_class-srednie-paczki","9":"desktop-align-center","10":"tablet-align-left","11":"mobile-align-center","13":"first","14":"instock","15":"featured","16":"shipping-taxable","17":"purchasable","18":"product-type-variable"},"_links":{"self":[{"href":"https:\/\/af3ddruk.me\/index.php?rest_route=\/wp\/v2\/product\/7712","targetHints":{"allow":["GET"]}}],"collection":[{"href":"https:\/\/af3ddruk.me\/index.php?rest_route=\/wp\/v2\/product"}],"about":[{"href":"https:\/\/af3ddruk.me\/index.php?rest_route=\/wp\/v2\/types\/product"}],"version-history":[{"count":12,"href":"https:\/\/af3ddruk.me\/index.php?rest_route=\/wp\/v2\/product\/7712\/revisions"}],"predecessor-version":[{"id":8814,"href":"https:\/\/af3ddruk.me\/index.php?rest_route=\/wp\/v2\/product\/7712\/revisions\/8814"}],"wp:featuredmedia":[{"embeddable":true,"href":"https:\/\/af3ddruk.me\/index.php?rest_route=\/wp\/v2\/media\/7718"}],"wp:attachment":[{"href":"https:\/\/af3ddruk.me\/index.php?rest_route=%2Fwp%2Fv2%2Fmedia&parent=7712"}],"wp:term":[{"taxonomy":"product_brand","embeddable":true,"href":"https:\/\/af3ddruk.me\/index.php?rest_route=%2Fwp%2Fv2%2Fproduct_brand&post=7712"},{"taxonomy":"product_cat","embeddable":true,"href":"https:\/\/af3ddruk.me\/index.php?rest_route=%2Fwp%2Fv2%2Fproduct_cat&post=7712"},{"taxonomy":"product_tag","embeddable":true,"href":"https:\/\/af3ddruk.me\/index.php?rest_route=%2Fwp%2Fv2%2Fproduct_tag&post=7712"}],"curies":[{"name":"wp","href":"https:\/\/api.w.org\/{rel}","templated":true}]}}